6 a multiple of 303?
False
Is 8 a factor of 68672?
True
Is 2786913 a multiple of 69?
False
Is 120 a factor of 52560?
True
Is 118 a factor of 161660?
True
Is 25 a factor of 9329746?
False
Is 22706960 a multiple of 14?
False
Is 1743 a factor of 5541653?
False
Does 13 divide 75558?
False
Is 8 a factor of 60920?
True
Is 769 a factor of 292220?
True
Is 33545 a multiple of 29?
False
Is 224 a factor of 180768?
True
Is 876 a factor of 10217664?
True
Is 60 a factor of 15973140?
True
Is 47989 a multiple of 142?
False
Is 3915644 a multiple of 178?
True
Is 7096506 a multiple of 127?
True
Does 17 divide 119170?
True
Does 19 divide 269134?
False
Is 49 a factor of 39004?
True
Is 132 a factor of 2545752?
True
Is 10132860 a multiple of 601?
True
Is 2608870 a multiple of 37?
True
Does 1353 divide 4486551?
False
Is 35 a factor of 598045?
True
Is 2091 a multiple of 10?
False
Is 522519 a multiple of 309?
True
Is 11 a factor of 714549?
True
Does 44 divide 31295207?
False
Does 20 divide 31639?
False
Does 267 divide 7272546?
True
Is 1095585 a multiple of 10?
False
Does 245 divide 84661?
False
Is 156558 a multiple of 538?
True
Is 25 a factor of 224217?
False
Is 10409896 a multiple of 15?
False
Does 182 divide 377242?
False
Is 5458326 a multiple of 108?
False
Is 3 a factor of 1294?
False
Does 9 divide 59562?
True
Is 465916 a multiple of 82?
False
Does 102 divide 16742?
False
Is 1149440 a multiple of 320?
True
Does 67 divide 296432?
False
Does 17 divide 67711?
True
Does 803 divide 9717103?
True
Does 354 divide 140184?
True
Does 15 divide 578130?
True
Does 119 divide 383775?
True
Does 73 divide 6127839?
True
Is 94 a factor of 120497?
False
Is 60457 a multiple of 167?
False
Is 7 a factor of 1542732?
False
Is 461991 a multiple of 18?
False
Does 44 divide 122848?
True
Is 61701 even?
False
Is 712 a factor of 262095?
False
Is 174 a factor of 987969?
False
Does 108 divide 216854?
False
Is 37 a factor of 873792?
True
Is 2 a factor of 1442264?
True
Is 15 a factor of 81900?
True
Is 21 a factor of 2017743?
True
Is 11371421 a multiple of 6?
False
Does 28 divide 4447800?
True
Is 370 a factor of 1413859?
False
Is 488 a factor of 390986?
False
Is 484 a factor of 203280?
True
Is 4340 a multiple of 13?
False
Is 53 a factor of 1949174?
False
Does 70 divide 13224069?
False
Does 26 divide 11908?
True
Is 9143020 a multiple of 309?
False
Does 31 divide 1540752?
False
Does 154 divide 111290?
False
Is 78244 a multiple of 62?
True
Does 24 divide 29496?
True
Does 5 divide 23593?
False
Is 85360 a multiple of 22?
True
Is 3441712 a multiple of 67?
False
Is 23 a factor of 73581?
False
Is 1899060 a multiple of 60?
True
Is 79560 a multiple of 612?
True
Is 242130 a multiple of 3?
True
Is 39 a factor of 47407589?
False
Is 678737 a multiple of 42?
False
Does 421 divide 511094?
True
Is 123438 a multiple of 88?
False
Is 332116 a multiple of 72?
False
Is 1893800 a multiple of 5?
True
Is 9 a factor of 2887461?
True
Is 535 a factor of 6836321?
False
Is 395 a factor of 463744?
False
Does 26 divide 25807?
False
Is 3 a factor of 187548?
True
Is 1759892 a multiple of 1255?
False
Is 1130 a factor of 132283?
False
Is 677835 a multiple of 38?
False
Is 2203 a factor of 16342695?
False
Is 87 a factor of 77778?
True
Is 8 a factor of 6478296?
True
Does 16 divide 121424?
True
Is 51 a factor of 2262054?
True
Does 10 divide 1739448?
False
Is 9 a factor of 163634?
False
Is 83 a factor of 8733?
False
Does 21 divide 138690?
False
Is 6 a factor of 89749?
False
Is 4 a factor of 783553?
False
Is 181 a factor of 5676727?
False
Does 59 divide 1631359?
False
Is 46509 a multiple of 3?
True
Is 570576 a multiple of 8?
True
Is 8 a factor of 605304?
True
Does 16 divide 192118?
False
Is 2298488 a multiple of 119?
False
Does 15 divide 763487?
False
Does 6 divide 3429613?
False
Is 5522623 a multiple of 307?
True
Does 9 divide 106244?
False
Does 20 divide 197324?
False
Is 607600 a multiple of 105?
False
Does 23 divide 509205?
False
Is 390561 a multiple of 48?
False
Is 122 a factor of 1788032?
True
Does 27 divide 85027?
False
Does 1007 divide 1272798?
False
Is 82 a factor of 1250664?
True
Is 1102370 a multiple of 97?
False
Does 8 divide 152776?
True
Does 13 divide 83109?
True
Is 239 a factor of 80801?
False
Is 4686850 a multiple of 350?
True
Does 2 divide 4278146?
True
Is 29451 a multiple of 58?
False
Does 27 divide 2777191?
False
Is 4 a factor of 22952?
True
Does 5 divide 12225?
True
Does 34 divide 11934?
True
Is 19 a factor of 277172?
True
Is 35 a factor of 45710?
True
Is 10702530 a multiple of 365?
True
Does 12 divide 15388037?
False
Is 6 a factor of 583459?
False
Is 98 a factor of 950770?
False
Is 1283729 a multiple of 167?
True
Is 325771 a multiple of 138?
False
Is 52 a factor of 299312?
True
Is 7720568 a multiple of 8?
True
Is 147271 a multiple of 205?
False
Is 800 a factor of 381600?
True
Does 95 divide 767550?
False
Is 109 a factor of 17201944?
True
Is 22 a factor of 12333203?
False
Is 181 a factor of 12328815?
True
Is 181349 a multiple of 25?
False
Is 31695 a multiple of 12?
False
Is 27 a factor of 850852?
False
Is 2876459 a multiple of 151?
False
Does 168 divide 177379?
False
Is 145 a factor of 150800?
True
Is 114224 a multiple of 236?
True
Is 900 a factor of 422100?
True
Is 13 a factor of 834938?
True
Is 575820 a multiple of 457?
True
Is 1269401 a multiple of 7?
True
Is 84 a factor of 1554711?
False
Does 201 divide 1168011?
True
Is 227 a factor of 6206773?
False
Is 75197 a multiple of 6?
False
Is 23587 a multiple of 229?
True
Is 112 a factor of 10487185?
False
Is 121 a factor of 113260?
False
Does 9 divide 164646?
True
Is 934739 a multiple of 13?
True
Does 24 divide 4157716?
False
Is 318 a factor of 296694?
True
Is 43 a factor of 1048942?
True
Is 21708 a multiple of 108?
True
Is 614719 a multiple of 37?
False
Does 14 divide 21276?
False
Is 1135532 even?
True
Does 17 divide 1649341?
False
Is 152 a factor of 1272011?
False
Is 87464 a multiple of 3?
False
Does 57 divide 86878?
False
Is 1013443 a multiple of 59?
True
Is 119 a factor of 846685?
True
Is 3 a factor of 81420?
True
Is 2815610 a multiple of 12?
False
Is 194 a factor of 168181?
False
Is 965 a factor of 1937720?
True
Does 50 divide 58800?
True
Does 11 divide 48367?
True
Is 18 a factor of 7942824?
True
Is 58 a factor of 32219?
False
Does 15 divide 98925?
True
Does 38 divide 5827414?
True
Does 58 divide 224650?
False
Is 141 a factor of 244006?
False
Does 23 divide 5719877?
False
Does 91 divide 7961408?
True
Is 216768 a multiple of 96?
True
Is 461 a factor of 271068?
True
Is 208 a factor of 1654172?
False
Is 12 a factor of 448629?
False
Does 15 divide 685853?
False
Is 1457928 a multiple of 18?
True
Is 800 a factor of 1264682?
False
Is 11 a factor of 24?
False
Is 87 a factor of 1129232?
False
Is 1223 a factor of 1309833?
True
Does 19 divide 111410?
False
Is 12 a factor of 4087438?
False
Is 430320 a multiple of 40?
True
Does 9 divide 1192572?
True
Is 128 a factor of 565132?
False
Is 3518197 a multiple of 193?
True
Does 19 divide 44890?
False
Does 80 divide 22381?
False
Is 35 a factor of 335020?
True
Is 280575 a multiple of 15?
True
Is 2 a factor of 178252?
True
Is 15 a factor of 6526878?
False
Is 282 a factor of 184146?
True
Is 90 a factor of 468810?
True
Does 13 divide 12378735?
False
Does 84 divide 186060?
True
Is 468785 a multiple of 532?
False
Is 11 a factor of 2300779?
False
Is 1058 a factor of 67123?
False
Is 16 a factor of 2573473?
False
Is 47 a factor of 377863?
False
Does 177 divide 2064544?
False
Is 13 a factor of 28106?
True
Is 52 a factor of 45059?
False
Is 85469 a multiple of 14?
False
Does 1145 divide 2608310?
True
Does 18 divide 6891120?
True
Is 7790175 a multiple of 225?
True
Is 3 a factor of 30435?
True
Is 8 a factor of 10490970?
False
Is 5 a factor of 16852?
False
Does 29 divide 6308974?
False
Does 29 divide 17010124?
True
Is 774 a multiple of 3?
True
Is 89751 a multiple of 17?
False
Does 288 divide 4405892?
False
Does 25 divide 39609?
False
Does 49 divide 284677?
False
Does 12 divide 34371?
False
Is 130 a factor of 11440?
True
Does 539 divide 9003066?
False
Is 582 a factor of 249975?
False
Is 27365182 a multiple of 1013?
True
Is 394002 a multiple of 318?
True
Is 18 a factor of 858204?
True
Is 542700 a multiple of 13?
False
Does 202 divide 732100?
False
Does